
What is the units digit of 11917?
7
What is the hundreds digit of 44252?
2
What is the units digit of 4867?
7
What is the thousands digit of 1024?
1
What is the tens digit of 30223?
2
What is the tens digit of 1741?
4
What is the ten thousands digit of 14435?
1
What is the units digit of 5024?
4
What is the tens digit of 1646?
4
What is the thousands digit of 98552?
8
What is the hundreds digit of 111663?
6
What is the hundreds digit of 3615?
6
What is the thousands digit of 9121?
9
What is the hundreds digit of 1164?
1
What is the ten thousands digit of 29538?
2
What is the ten thousands digit of 33653?
3
What is the ten thousands digit of 66341?
6
What is the thousands digit of 65045?
5
What is the thousands digit of 24670?
4
What is the hundreds digit of 284?
2
What is the units digit of 75833?
3
What is the thousands digit of 27449?
7
What is the thousands digit of 7979?
7
What is the tens digit of 3551?
5
What is the units digit of 1141?
1
What is the hundreds digit of 1157?
1
What is the tens digit of 128555?
5
What is the tens digit of 1287?
8
What is the hundreds digit of 95329?
3
What is the hundreds digit of 73512?
5
What is the units digit of 2125?
5
What is the hundreds digit of 244?
2
What is the thousands digit of 155752?
5
What is the tens digit of 15420?
2
What is the hundreds digit of 903?
9
What is the ten thousands digit of 49482?
4
What is the units digit of 37302?
2
What is the units digit of 3435?
5
What is the ten thousands digit of 37608?
3
What is the tens digit of 5544?
4
What is the units digit of 902?
2
What is the ten thousands digit of 25491?
2
What is the thousands digit of 7592?
7
What is the thousands digit of 159110?
9
What is the tens digit of 37243?
4
What is the units digit of 5439?
9
What is the ten thousands digit of 26137?
2
What is the units digit of 169?
9
What is the thousands digit of 57674?
7
What is the tens digit of 598?
9
What is the hundreds digit of 2344?
3
What is the tens digit of 425?
2
What is the hundreds digit of 1878?
8
What is the ten thousands digit of 172150?
7
What is the thousands digit of 1655?
1
What is the tens digit of 194?
9
What is the thousands digit of 2388?
2
What is the hundreds digit of 14461?
4
What is the thousands digit of 12749?
2
What is the hundreds digit of 1258?
2
What is the units digit of 867?
7
What is the thousands digit of 21897?
1
What is the units digit of 17837?
7
What is the tens digit of 2663?
6
What is the thousands digit of 45614?
5
What is the hundreds digit of 7693?
6
What is the hundreds digit of 841?
8
What is the thousands digit of 44605?
4
What is the hundreds digit of 488?
4
What is the thousands digit of 19461?
9
What is the tens digit of 7546?
4
What is the thousands digit of 7553?
7
What is the thousands digit of 18085?
8
What is the ten thousands digit of 12506?
1
What is the units digit of 109715?
5
What is the hundreds digit of 2286?
2
What is the thousands digit of 1664?
1
What is the thousands digit of 9338?
9
What is the tens digit of 958?
5
What is the hundreds digit of 7137?
1
What is the thousands digit of 1627?
1
What is the units digit of 6571?
1
What is the units digit of 578?
8
What is the units digit of 51858?
8
What is the hundreds digit of 569?
5
What is the thousands digit of 3660?
3
What is the hundreds digit of 4232?
2
What is the thousands digit of 1868?
1
What is the hundreds digit of 3019?
0
What is the units digit of 843?
3
What is the ten thousands digit of 37311?
3
What is the hundreds digit of 6729?
7
What is the units digit of 22528?
8
What is the thousands digit of 4442?
4
What is the tens digit of 20121?
2
What is the thousands digit of 1326?
1
What is the units digit of 9582?
2
What is the tens digit of 5462?
6
What is the tens digit of 8014?
1
What is the hundreds digit of 3811?
8
What is the hundreds digit of 1802?
8
What is the tens digit of 17420?
2
What is the hundreds digit of 4249?
2
What is the tens digit of 800?
0
What is the units digit of 662?
2
What is the units digit of 141?
1
What is the units digit of 2487?
7
What is the units digit of 6126?
6
What is the tens digit of 5814?
1
What is the hundreds digit of 8660?
6
What is the ten thousands digit of 26595?
2
What is the units digit of 6939?
9
What is the tens digit of 250?
5
What is the hundreds digit of 1953?
9
What is the ten thousands digit of 103917?
0
What is the thousands digit of 48887?
8
What is the tens digit of 4347?
4
What is the thousands digit of 7216?
7
What is the units digit of 111942?
2
What is the tens digit of 40985?
8
What is the tens digit of 1013?
1
What is the tens digit of 1063?
6
What is the thousands digit of 9850?
9
What is the tens digit of 1137?
3
What is the units digit of 79372?
2
What is the tens digit of 20511?
1
What is the tens digit of 38710?
1
What is the hundreds digit of 169?
1
What is the hundreds digit of 188?
1
What is the thousands digit of 13428?
3
What is the units digit of 835?
5
What is the hundreds digit of 439?
4
What is the thousands digit of 5457?
5
What is the tens digit of 3126?
2
What is the units digit of 20713?
3
What is the thousands digit of 46043?
6
What is the hundreds digit of 3203?
2
What is the ten thousands digit of 14332?
1
What is the thousands digit of 7128?
7
What is the units digit of 45010?
0
What is the thousands digit of 1605?
1
What is the hundreds digit of 1342?
3
What is the ten thousands digit of 16611?
1
What is the hundred thousands digit of 121553?
1
What is the ten thousands digit of 15464?
1
What is the units digit of 1341?
1
What is the thousands digit of 5703?
5
What is the thousands digit of 1082?
1
What is the tens digit of 6495?
9
What is the units digit of 17137?
7
What is the tens digit of 456?
5
What is the thousands digit of 3492?
3
What is the hundreds digit of 472?
4
What is the tens digit of 235?
3
What is the tens digit of 8108?
0
What is the thousands digit of 5516?
5
What is the tens digit of 16535?
3
What is the hundreds digit of 165?
1
What is the units digit of 70?
0
What is the units digit of 37786?
6
What is the units digit of 525?
5
What is the units digit of 9319?
9
What is the units digit of 17807?
7
What is the hundreds digit of 49161?
1
What is the thousands digit of 54009?
4
What is the units digit of 72378?
8
What is the thousands digit of 2872?
2
What is the hundreds digit of 31511?
5
What is the thousands digit of 73727?
3
What is the units digit of 22732?
2
What is the hundreds digit of 2294?
2
What is the thousands digit of 138716?
8
What is the ten thousands digit of 14471?
1
What is the units digit of 6458?
8
What is the hundreds digit of 1705?
7
What is the units digit of 12109?
9
What is the units digit of 7387?
7
What is the thousands digit of 1597?
1
What is the hundreds digit of 564?
5
What is the tens digit of 579?
7
What is the tens digit of 5016?
1
What is the hundreds digit of 14064?
0
What is the tens digit of 993?
9
What is the hundreds digit of 4911?
9
What is the units digit of 10351?
1
What is the tens digit of 3317?
1
What is the tens digit of 71320?
2
What is the units digit of 1643?
3
What is the tens digit of 75633?
3
What is the ten thousands digit of 17460?
1
What is the hundreds digit of 450?
4
What is the tens digit of 849?
4
What is the units digit of 863?
3
What is the ten thousands digit of 27481?
2
What is the units digit of 14095?
5
What is the units digit of 13803?
3
What is the tens digit of 55160?
6
What is the hundreds digit of 83167?
1
What is the tens digit of 81678?
7
What is the tens digit of 1684?
8
What is the tens digit of 299?
9
What is the tens digit of 787?
8
What is the tens digit of 8007?
0
What is the tens digit of 1971?
7
What is the tens digit of 213?
1
What is the tens digit of 19668?
6
What is the ten thousands digit of 16243?
1
What is the units digit of 69?
9
What is the units digit of 766?
6
What is the tens digit of 1396?
9
What is the units digit of 27737?
7
What is the hundreds digit of 246?
2
What is the units digit of 12279?
9
What is the hundreds digit of 6384?
3
What is the units digit of 10886?
6
What is the thousands digit of 126144?
6
What is the tens digit of 62500?
0
What is the thousands digit of 9506?
9
What is the units digit of 298?
8
What is the thousands digit of 